-3*r + 8771 = g*u. Is r prime?
False
Let g(v) = -35*v**3 + 24*v**2 - 84*v + 139. Is g(-24) a prime number?
True
Let r = 426 + 121. Suppose 0 = -b + r + 126. Is b composite?
False
Suppose f = g + 51930, -f + 17*g - 14*g + 51928 = 0. Is f prime?
False
Suppose -15754719 - 3616909 = -131*z - 2610047. Is z composite?
False
Let b = -76 + 78. Suppose 0 = 4*r - 5*c + b*c, 5*c = -5*r. Is 2 + 0 + (0 - r - -629) a composite number?
False
Suppose -6*r + 1651042 + 11084 = 0. Is r prime?
True
Suppose 24*x - 4213407 - 14680 = -270511. Is x composite?
True
Let l(v) = 4*v + 54. Let y be l(-6). Suppose -y*p - 1756 = -34666. Is p prime?
True
Let s = 62037 - 38760. Is s prime?
False
Let i = -70 + 72. Is 32/(-12)*(-807)/i - 3 a prime number?
False
Let v = 61 - 59. Let a be (-6)/v + 989 - (-10 + 7). Suppose 8 = c - a. Is c a prime number?
True
Suppose -18*u + 261253 + 713900 = -2766309. Is u a prime number?
False
Let u(b) = 556*b**2 + 68*b - 17. Is u(11) a composite number?
True
Suppose 4*b + 3*f - 1645238 = 0, -f - 293673 = -b + 117626. Is b composite?
True
Let p(u) = 40*u**2 + 2*u - 25. Let h(o) = 3*o**2 - 4*o - 7. Let m be h(-2). Is p(m) a composite number?
False
Is (-2)/((-6 - -3) + 7)*-64802 a prime number?
True
Suppose 37949 = 5*m - 85701. Suppose -m = -2*u - 8*u. Is u a prime number?
True
Let x(n) be the second derivative of n**5/20 + 11*n**4/12 - 2*n**3/3 + n**2 + 6*n. Suppose -t = -3*t - 14. Is x(t) a prime number?
False
Suppose -31*y + 205000 = -832167. Is y composite?
False
Is (1531844/24)/((-13)/(-78)) composite?
False
Let n = 761654 - 377383. Is n composite?
True
Suppose 12203 = 3*v - 121984. Is v prime?
True
Let h = -176707 - -464948. Is h a prime number?
True
Let b = 152577 + -92926. Is b composite?
False
Suppose 2*x - 17479 = 32019. Is x prime?
True
Let p(m) be the third derivative of -m**5/30 - m**4/2 - 2*m**3/3 - 30*m**2. Let l be p(-4). Suppose -l*x = -3*x - 2439. Is x a prime number?
True
Let k(y) = -13*y**3 + 45*y**2 - 34*y - 174. Is k(-25) a prime number?
False
Suppose 0 = 4*q + s - 21, -s = -q - 1 + 10. Suppose -2*p + 29038 = -4*n, 0 = -q*p + 8*p - 2*n - 29038. Is p composite?
False
Is (2 + 369644)/(8 - (7 - 61)/(-9)) a composite number?
False
Let s(k) = 9*k**3 + 3*k**2 - 1. Let b be s(-1). Is ((-23974)/4)/(b/(-1 + 15)) composite?
False
Suppose -218*o + 17436382 = 3442402 - 6247102. Is o a composite number?
False
Let x(j) = -4*j**3 + 18*j**2 + 84*j + 451. Is x(-25) a composite number?
False
Let q(c) = 8398*c**2 - 9*c - 21. Is q(-2) composite?
False
Suppose 7*z + 38 = 12*z + 2*k, -4*z + 4*k + 36 = 0. Suppose -z*d + 60114 = -11350. Is d prime?
True
Let n = -234 - -215. Let i(u) = u**3 + 23*u**2 + 43*u + 42. Is i(n) prime?
False
Suppose 0 = -2*o - 23 + 13. Let a(h) = 3*h**3 + 2*h**2 - 8*h - 10. Let r(d) = 6*d**3 + 5*d**2 - 15*d - 19. Let l(n) = 7*a(n) - 4*r(n). Is l(o) composite?
False
Is ((-5 - -14) + 20878)/(2 + -3 - -2) prime?
True
Let z be ((-1)/(-1) - -6)*36. Suppose -23 = -5*t - v + 295, 2*v - z = -4*t. Suppose -59*w + t*w - 5335 = 0. Is w prime?
False
Suppose -r - 14 = -5*m + 8, -4*m - 2*r + 12 = 0. Suppose -q + 5*x = -8, q - x - m = -0*x. Suppose 0 = -q*w + 3498 + 2421. Is w composite?
False
Suppose 0 = 4*f + 16, -4*w = -2*w - 5*f - 16. Let o be ((-3)/w)/((-72)/(-32) + -2). Suppose o*t + 31 = 1537. Is t composite?
False
Suppose -11 = -8*z + 21. Is (-1242 - 17)/((-2)/(z - 2)) composite?
False
Suppose -4*w - 20*p = -25*p - 232142, 290191 = 5*w - 4*p. Is w composite?
False
Is 114/(-4)*(-69894)/297 a composite number?
True
Let z = 147961 + -71400. Is z a composite number?
False
Suppose r + h - 108971 = 57302, -5*h = 3*r - 498819. Is r composite?
False
Let u(x) = 7911*x - 19. Let h be u(1). Let k = -1923 + h. Is k prime?
False
Suppose 1575356 = 104*c - 700268. Is c a prime number?
True
Let g(p) = p - 1. Let m(u) = 250*u - 5. Let y(r) = -6*g(r) + m(r). Let b be 72/(-84) + 68/14. Is y(b) prime?
True
Let t(i) be the third derivative of 583*i**5/60 - i**4/8 - i**3/2 + 5*i**2 - i. Is t(-2) a prime number?
False
Suppose 5*l - o = 2120, 4*l + 5*o = -562 + 2287. Suppose 0 = -3*q - 4*h + 2591, -5*h + 3015 = 3*q + l. Is q prime?
False
Suppose -22*p + 104673 = 44503. Suppose 0 = -5*v + 9720 - p. Is v composite?
True
Let v = 2578 + -1341. Let b = -735 + v. Is b a composite number?
True
Suppose -24055 = -11*y + 37325. Suppose 2*t - y = -2*z + 48792, 4*z + 4 = 0. Is t composite?
True
Suppose 5*n + n - n = 0. Let c be 4/(-16)*n + (19 - 3). Let r = 357 + c. Is r a composite number?
False
Let d = -55973 - -451482. Is d composite?
False
Let n be 16/(-4) - -2*(-6 - -7). Is 1 + 1918 + n + (-44)/11 a prime number?
True
Suppose -2*l + i + 102 = 0, 0 = 2*i - i + 2. Let x = l + -47. Suppose 0 = 2*g + x*g - 22655. Is g prime?
False
Let u = 498 + -491. Let r(k) = 25*k**3 + 9*k**2 - 2*k - 3. Is r(u) a composite number?
False
Let q be ((-12)/8 + 3)*(-7154260)/(-30). Is (-4)/30 + q/285 a composite number?
True
Suppose -4*k = -4*f + 24, -2*f + 5 = -8*k + 7*k. Is (-13419)/(-15) - (14/5)/k a composite number?
True
Suppose -j + 3 = 5*v, 2*j + v = -j - 5. Let n be j*2/((-16)/(-28)). Is (4/n)/(2/(-133)) prime?
False
Let v be (-3 + 5509/(-35))*(-5 - 0). Let j = 3619 + v. Is j a composite number?
False
Suppose 2*d + 2 = 0, 185 = -3*i + 22*d - 18*d. Is (2179 + 0)*(64 + i) prime?
True
Suppose -d + 4*b + 82 = b, -5*d + 450 = -5*b. Is ((-141)/d)/((-6)/34652) a prime number?
True
Let j(u) = -4652*u - 3169. Is j(-69) a prime number?
False
Suppose 3420*p - 3677992 = 3412*p. Is p composite?
False
Suppose -v + 3*o = 17, -o = -2*o + 5. Let p = -269 - -271. Is p/(v/(-1657))*(-4 - -5) a composite number?
False
Suppose -z = 3*w - 475, 475 = -0*z + z - 3*w. Is 0 + z - (25 + -23) a prime number?
False
Let k(b) = 4369*b**2 + 166*b - 1. Is k(-4) a prime number?
True
Suppose -3*d - 1278308 = -u, 6*u - 7*u - 4*d = -1278259. Is u a composite number?
False
Suppose -3*m + 2*b = m - 8, -4*m - b + 14 = 0. Suppose -3*w + 5477 = 5*a - 4117, -9603 = -m*w - 2*a. Is w composite?
False
Let d(c) = 4*c**2 - 20*c - 11. Suppose -b + 5*f + 19 = 0, -f - f = -5*b + 26. Suppose b*p = 14 + 30. Is d(p) prime?
False
Let u = 27 - 26. Let i = u + -12. Let g = 370 - i. Is g a prime number?
False
Let q(f) = -3*f + 29. Let v be q(9). Suppose 14 = -x + 4*p, -v = 5*x + 4*p + 20. Is (-10536)/x - (-2 + 3/3) prime?
False
Let y = -270 - -275. Suppose 3*w + 68 - 612 = y*l, l - 354 = -2*w. Is w prime?
False
Let j be ((-2)/(4 + -6))/((-2)/(-4)). Let c be j + 18/(-8) - 138/(-8). Suppose -c*z + 21*z - 4404 = 0. Is z a prime number?
False
Is 3*((-115)/(-60) - 2) - 4208043/(-28) composite?
False
Let j be ((-471205)/(-4))/5 - (-6)/8. Suppose -270328 + j = -23*b. Is b a composite number?
False
Let g(z) = -5*z**3 - 16*z**2 - z + 71. Let h(w) = -2*w**2 + 37*w + 8. Let j be h(19). Is g(j) prime?
True
Let t(m) = 3023*m - 1564. Is t(45) a composite number?
False
Suppose 8*r = 4*r + 60. Let c(w) = w**2 - 15*w. Let v be c(r). Suppose -2*s = -3*s - 4*k + 389, v = s + 5*k - 393. Is s a prime number?
True
Suppose -3*h + 72 = 66. Suppose 3*q = h*y - 629, -2*q - 4*y - 21 - 377 = 0. Let d = -58 - q. Is d a composite number?
False
Let x be 0*(-1)/(-5) + 6 - -7962. Suppose x + 19868 = 4*g. Is g a composite number?
False
Let c(q) = -169*q**3 + q**2 - 33*q - 137. Is c(-5) a prime number?
False
Let q(j) = -7*j**3 - 10*j**2 - 124*j - 37. Is q(-32) a composite number?
True
Let p = 8 - 4. Let m = 4546 - 4306. Suppose -3*k + 138 + 335 = p*b, -2*b + m = -2*k. Is b composite?
True
Is 39231/6*24/6 + -7 composite?
True
Let o = 9677 + -15607. Let g = o - -11709. Is g composite?
False
Suppose 4*v = -c + 1, 0 = -3*c + 4*v + 7 + 28. Suppose 1622 - 11 = c*q. Is q a prime number?
True
Is 2/(-4)*-1 - (-389718834)/1236 composite?
True
Suppose 4*c - 42 + 10 = 0. Let j(m) = 3*m**3 - 9*m**2 - 9*m. Let k be j(c). Suppose -3 = 5*o - k. Is o prime?
False
Suppose 4*o + 2*u - 1840970 = 0, 5*o - 17*u - 2301262 = -14*u. Is o a prime number?
True
Let d = -441 + 200. Let j be (2 + -3 - 0) + 125. Let i = j - d. Is i a composite number?
True
Suppose -b = 275 - 1381. Suppose -3*a + 2985 = -n, -b - 2874 = -4*a - 5*n. Is a composite?
True
Let m = -254687 + 525504. Is m composite?
True
Suppose 5*y = -2*d + 1733, d - 867 = -y - y. Suppose 5*s = 4*b - 3392, b + 2*s - d = -2*s. Is b comp